(-166)/(-6) + q/(-21) is divided by 10?
8
Let r be (4/(4*-3))/((-3)/27). Suppose -o + 2*s = -12, 0 = -r*s + 6 + 3. What is the remainder when 30 is divided by o?
12
Suppose 4*h + 137 = 3*r - 32, 0 = -5*r - h + 251. Calculate the remainder when 145 is divided by r.
43
Let h(a) = 2*a**2 + 5*a - 2. Let x(c) be the third derivative of -7*c**6/120 + c**5/30 - c**3/6 - 6*c**2. Calculate the remainder when h(3) is divided by x(-1).
7
Let b(r) = -r**2 - 14*r - 10. Let g be b(-12). Suppose 5*h - 73 = -5*i - 8, -g = -2*h + 2*i. What is the remainder when h is divided by 4?
2
Let f(p) = p - 19. Let s be f(17). What is the remainder when 47 is divided by s - 12/(-5) - (-78)/5?
15
What is the remainder when 33 is divided by (-2)/14 + ((-99)/(-7) - -4)?
15
Let x = 31 + 124. What is the remainder when x is divided by 111?
44
Let k(n) = n + 89. Calculate the remainder when k(-44) is divided by 17.
11
Suppose 0 = 16*u + 1206 - 8918. What is the remainder when u is divided by 69?
68
Suppose -931 = -3*h - 4*d + 546, 4*h = -2*d + 1956. Calculate the remainder when h is divided by 122.
121
Let i(n) = -n**3 + 15. What is the remainder when 29*-6*3/(-18) is divided by i(0)?
14
Let m(l) = -l**3 + l**2 + 4*l + 3. Let h be m(-2). Let g(j) = -j**3 + 8*j**2 - 7*j + 4. What is the remainder when 18 is divided by g(h)?
2
Let v = -22 + 18. What is the remainder when 33/1 - (v - -1) is divided by 19?
17
Let a = -41 - -59. Let y = -2571 + 2676. Calculate the remainder when y is divided by a.
15
Let s = 65 + -55. Calculate the remainder when 7 is divided by 76/20 - (-2)/s.
3
Let z = -33 - -40. Calculate the remainder when 95 is divided by 36 + (3 - (z + -1)).
29
Suppose 0 = -2*m + p + p + 40, 3*m = -2*p + 50. Suppose 0*q - 25 = -5*q. What is the remainder when m is divided by q?
3
Let i(x) = -2*x**2 - 9*x - 1. Let y(u) = -3*u**2 - 14*u - 2. Let p(z) = 7*i(z) - 5*y(z). Calculate the remainder when 5 is divided by p(-7).
2
Calculate the remainder when 89 is divided by ((-12)/(-60))/((-3)/(-75)).
4
Suppose -3*q - 9 = 0, 3*z - 35 = -3*q - 5. What is the remainder when 48 is divided by z?
9
Let w(c) = -c**2 + 6*c. Let k be w(6). Suppose k = 5*j - 27 - 43. Suppose 3*y + 2*b - 66 = 5*b, 2*y - b = 48. What is the remainder when y is divided by j?
12
Suppose 347 - 88 = 7*p. Suppose 3*f - 4*b = p, 3*f - 6*b = -9*b + 51. Calculate the remainder when f is divided by 2.
1
Suppose 29*s = 30*s - 3*m - 117, -4*s + 468 = 3*m. Calculate the remainder when s is divided by 30.
27
Let n(k) = -k**3 - 27*k**2 - 58*k - 158. Calculate the remainder when 291 is divided by n(-25).
39
Suppose 0*h - 110 = -5*h. Let v be (-12)/3*(-2)/8. What is the remainder when (5/10)/(v/h) is divided by 3?
2
Let s = 5 - -1. Let u(l) = -1 + 4*l + 5*l**2 - 12*l - 3*l**2. Calculate the remainder when u(s) is divided by 12.
11
Let k = 26 + -16. Let c = -26 + 43. What is the remainder when c is divided by k?
7
Let n(a) be the third derivative of a**4/8 - 7*a**3/6 + 6*a**2. Calculate the remainder when 31 is divided by n(5).
7
Suppose 4*q + 1810 = 3*z, 0 = 2*z - 3*z - 4*q + 598. Suppose 16*a - z = 2*a. Calculate the remainder when 128 is divided by a.
42
Suppose -32*r = -74*r + 546. Calculate the remainder when r is divided by 12.
1
Suppose 0 = -4*c + h + h + 138, 5*h = 3*c - 100. Calculate the remainder when c is divided by (-1)/(3 - (-192)/(-63)).
14
Let u(c) = -2*c**2 - 19*c - 15. Calculate the remainder when 38 is divided by u(-8).
2
Suppose -5*m + 9 + 21 = 0. Suppose m = -2*b + 5*b. Suppose -b*j = -4*j + 100. What is the remainder when j is divided by 13?
11
Let f(z) = -7*z - 11. Let d be f(-2). Suppose 5*g - 59 = -d*x, 7*x = 2*g + 3*x - 34. Calculate the remainder when g is divided by 9.
4
Suppose 17 = -3*a + 32. Calculate the remainder when 33 is divided by a.
3
Let k = -50 + 51. Let d = k + 41. What is the remainder when 125 is divided by d?
41
Let a be (-9 + (-4)/(-2))*(2 - 3). Suppose -2*w = a*w - 90. Calculate the remainder when 27 is divided by w.
7
Let v(n) = -32*n + 3. Let q be v(7). Let t = 13 - q. Calculate the remainder when t is divided by 47.
46
Let a = 1349 - 1229. Calculate the remainder when a is divided by 29.
4
Let f be 1 - (-37 + -1 - 3). Let z be (54/(-4))/(1/2). Let s = z + f. Calculate the remainder when 27 is divided by s.
12
Let q be 3/(((-42)/(-4))/7). Suppose 0 = -4*a + a - i - 439, -4*a - q*i - 588 = 0. Let k = a - -213. What is the remainder when k is divided by 23?
22
Let a = -238 + 339. Let g = a - 85. What is the remainder when 46 is divided by g?
14
Let w = -45 - -49. Calculate the remainder when 193 is divided by w.
1
Suppose 0 = -2*b + 17 + 19. Let r = -26 + 72. Let i = 51 - r. Calculate the remainder when b is divided by i.
3
Suppose 128*g = 135*g - 196. Calculate the remainder when 87 is divided by g.
3
Suppose -6 = 3*z - 4*b - 16, b = 3*z - 25. Suppose -2*u - z = -2*g - g, -4*g + 12 = -2*u. Let n = 8 - 6. Calculate the remainder when g is divided by n.
0
Let p = -16 - -31. What is the remainder when ((-5)/20*3)/(2/(-192)) is divided by p?
12
Suppose 25 = -3*f + 4*f. Suppose 4*h + 3*g - f = -0, -h - 5 = -3*g. Suppose -43 = -h*a + 77. Calculate the remainder when a is divided by 16.
14
Let f be 4 + 3 + (35 - -2). Suppose -f = -6*a + 2*a. Suppose 15*z - a*z - 44 = 0. What is the remainder when 31 is divided by z?
9
Suppose 50*j = -27*j + 30569. What is the remainder when j is divided by 20?
17
Suppose 3*c - 15 = 5*b, -3*b - 25 = -5*c - 2*b. Suppose 6 = 3*h, c*l + 3*h - 781 = -0*l. What is the remainder when l is divided by 54?
47
What is the remainder when 64 is divided by ((-416)/(-20))/(44/110)?
12
Suppose 10*t + 10 - 30 = 0. Calculate the remainder when 13 is divided by t.
1
Let s be 44/16 - 1/(-4). Let j(n) = 2*n**3 - 3*n**2 - n - 10. What is the remainder when 26 is divided by j(s)?
12
Let u(y) = y**2 + 3*y - 6. Let d be u(3). Let k be 47 - d - 3/(-1). Suppose 0 = 5*n - 12 - k. Calculate the remainder when n is divided by 3.
1
Let j(s) = -s**3 - 4*s**2 - 4*s - 28. What is the remainder when j(-7) is divided by 19?
14
Suppose 99 = 4*u + 87. Suppose 2*b - 4*q - 47 = -b, u*b + 5*q = 29. What is the remainder when 49 is divided by b?
10
Let n(i) = 13*i + 17. Let x be n(5). Calculate the remainder when 102 is divided by (-15)/10 - (-2 - x/4).
18
Let h(w) = -9*w + 4. Let f be h(-4). Suppose 4 = -3*c + f. Let r = 0 + 22. Calculate the remainder when r is divided by c.
10
Suppose 0 = 12*g - 581 - 1459. What is the remainder when g is divided by 35?
30
Let g(l) = -2*l - 2. Let o be g(8). Let u(b) = b**3 + 17*b**2 - 20*b - 25. What is the remainder when 19 is divided by u(o)?
8
What is the remainder when (-2218 + -1)*187/(-1309) is divided by 14?
9
What is the remainder when 2 - 60/6 - -148 is divided by 71?
69
Let c = 18 - 13. What is the remainder when 1/c - ((-507)/15 + 3) is divided by 12?
7
Let c(p) = -2*p. Let o be c(-3). Calculate the remainder when (1 + -49)/(-2) - 15 is divided by 1/((-2 - -4)/o).
0
Let x(p) = -12*p**2 - 12*p**2 + 23*p**2 - 15 - 13*p. Suppose 0 = -5*u + 17 + 13. Calculate the remainder when x(-10) is divided by u.
3
Let l = 12 - 7. Suppose 4*d = -l*q - 9, -5*d - 5*q - 5 = -0. What is the remainder when 1/d - (-123)/4 is divided by 8?
7
Suppose 2*w - 354 = -3*c + 3*w, -4*w = 3*c - 354. What is the remainder when c is divided by 25?
18
Suppose 4*p - 226 = z, 0 = 4*p + 3*z - 191 - 43. Let h = p + -54. Calculate the remainder when 4 is divided by h.
1
Suppose -6*f + 280 + 134 = 0. What is the remainder when 413 is divided by f?
68
Suppose 4*v + 3*b = 131, 4*v - 106 = -54*b + 56*b. Suppose 4*n = -c + 39, -4*c + 68 = -n - 156. What is the remainder when c is divided by v?
26
Suppose 25 - 13 = 3*j. What is the remainder when 126 is divided by j - 14/3*(-6 - 0)?
30
Let f = -1432 - -1444. What is the remainder when 55 is divided by f?
7
Let j = 18 - 14. Suppose j*o - 85 = -a, -7*a + 5*a = 4*o - 82. Calculate the remainder when 33 is divided by o.
11
Suppose 5*n - 26 = -0*n - 2*z, 0 = -4*n - 4*z + 16. Suppose -n*l + l = -45. Suppose 6*g - 60 = 36. What is the remainder when g is divided by l?
7
Suppose 4*x + 4*d = 2821 - 93, -2066 = -3*x + d. What is the remainder when x is divided by 15?
12
Suppose v + 492 = 7*v. Calculate the remainder when 1/((-1)/(v*-1)) is divided b